{"id":229,"date":"2017-12-19T10:30:57","date_gmt":"2017-12-19T10:30:57","guid":{"rendered":"https:\/\/ovelspa.com\/index.php\/product\/blue-denim-shorts\/"},"modified":"2025-08-16T09:58:35","modified_gmt":"2025-08-16T09:58:35","slug":"blue-denim-shorts","status":"publish","type":"product","link":"https:\/\/ovelspa.com\/index.php\/product\/blue-denim-shorts\/","title":{"rendered":"CREMA REDENSIFICANTE Y REAFIRMANTE DE NOCHE"},"content":{"rendered":"<p>Aumenta la cohesi\u00f3n cut\u00e1nea dando firmeza a la piel, evitando la flacidez y descolgamiento. Aumenta la s\u00edntesis de col\u00e1geno y el correcto ensamblaje de las fibras de elastina.<\/p>\n<p><em><strong>INDICACIONES DE USO: <\/strong><\/em>Aplicar diario por la noche cantidad suficiente en la yema\u00a0 de los dedos y penetrar el producto haciendo c\u00edrculos ligeros hasta\u00a0 su total absorci\u00f3n.<\/p>\n<p><em><strong>INGREDIENTES ACTIVOS: <\/strong><\/em>ACETIL TETRAP\u00c9PTIDO-2, SILICIO, MANURONATO DE METILSILANOL, \u00c1CIDO ASC\u00d3RBICO, VITAMINA E, COL\u00c1GENO, RENIASSANCE.<\/p>\n<p><em>EN CASO DE IRRITACI\u00d3N SUSPENDA SU USO<\/em><\/p>\n","protected":false},"excerpt":{"rendered":"<p><em><strong>CREMA REDENSIFICANTE Y REAFIRMANTE DE NOCHE:<\/strong><\/em> Aumenta la cohesi\u00f3n cut\u00e1nea dando firmeza a la piel evitando la flacidez y el descolgamiento.<\/p>\n<p>La piel se regenera de noche y con ayuda de diversos activos con la que est\u00e1 formulada la crema hay un aumento en la s\u00edntesis de col\u00e1geno y su vez se promueve el correcto ensamblaje de las fibras de elastina.<\/p>\n","protected":false},"featured_media":4643,"comment_status":"open","ping_status":"closed","template":"","meta":{"om_disable_all_campaigns":false,"_monsterinsights_skip_tracking":false,"_monsterinsights_sitenote_active":false,"_monsterinsights_sitenote_note":"","_monsterinsights_sitenote_category":0,"site-sidebar-layout":"default","site-content-layout":"default","ast-global-header-display":"","ast-main-header-display":"","ast-hfb-above-header-display":"","ast-hfb-below-header-display":"","ast-hfb-mobile-header-display":"","site-post-title":"","ast-breadcrumbs-content":"","ast-featured-img":"","footer-sml-layout":"","theme-transparent-header-meta":"default","adv-header-id-meta":"","stick-header-meta":"default","header-above-stick-meta":"","header-main-stick-meta":"","header-below-stick-meta":""},"product_cat":[52],"product_tag":[],"aioseo_notices":[],"_links":{"self":[{"href":"https:\/\/ovelspa.com\/index.php\/wp-json\/wp\/v2\/product\/229"}],"collection":[{"href":"https:\/\/ovelspa.com\/index.php\/wp-json\/wp\/v2\/product"}],"about":[{"href":"https:\/\/ovelspa.com\/index.php\/wp-json\/wp\/v2\/types\/product"}],"replies":[{"embeddable":true,"href":"https:\/\/ovelspa.com\/index.php\/wp-json\/wp\/v2\/comments?post=229"}],"version-history":[{"count":7,"href":"https:\/\/ovelspa.com\/index.php\/wp-json\/wp\/v2\/product\/229\/revisions"}],"predecessor-version":[{"id":4652,"href":"https:\/\/ovelspa.com\/index.php\/wp-json\/wp\/v2\/product\/229\/revisions\/4652"}],"wp:featuredmedia":[{"embeddable":true,"href":"https:\/\/ovelspa.com\/index.php\/wp-json\/wp\/v2\/media\/4643"}],"wp:attachment":[{"href":"https:\/\/ovelspa.com\/index.php\/wp-json\/wp\/v2\/media?parent=229"}],"wp:term":[{"taxonomy":"product_cat","embeddable":true,"href":"https:\/\/ovelspa.com\/index.php\/wp-json\/wp\/v2\/product_cat?post=229"},{"taxonomy":"product_tag","embeddable":true,"href":"https:\/\/ovelspa.com\/index.php\/wp-json\/wp\/v2\/product_tag?post=229"}],"curies":[{"name":"wp","href":"https:\/\/api.w.org\/{rel}","templated":true}]}}